**2 + 5*l - 7. Let y be q(3). Let s be (-568)/y + (-10)/35. Let v = 624 - 444. What is the greatest common factor of s and v?
20
Suppose 3*n = 13*n - 440. Let r = 12 + n. What is the highest common divisor of r and 7?
7
Let s = 356 - 343. Calculate the greatest common divisor of 117 and s.
13
Let g(t) = 2*t + 4. Let x be g(4). Suppose -5*c = n - x, 3*n = c + 55 + 45. What is the highest common factor of n and 48?
16
Let d be 2/3 - (-130)/39. Suppose d*j = 19 + 17. Suppose -2*l - 10 = 2*g + 2*g, -3*l = -2*g - j. What is the greatest common factor of l and 7?
1
Let g(k) = 4*k**2 - 25*k + 116. Let y be g(11). What is the highest common factor of 25 and y?
25
Let h(x) = -44*x + 233. Let d be h(5). What is the highest common divisor of 3 and d?
1
Let y be 4/22 - 748/121. Let o(z) = 16 - 10 - 9 - 5 + z**2. Let q be o(y). What is the greatest common factor of 28 and q?
28
Let w be (-16)/(-6)*(5 + -8). Let k = 9 - w. What is the highest common divisor of k and 85?
17
Suppose -3*o - 160 - 236 = 0. Let j = 186 + o. What is the greatest common divisor of 18 and j?
18
Let b(y) = 91*y - 103. Let s be b(3). Calculate the highest common factor of 425 and s.
85
Suppose -5214*s + 5200*s + 3360 = 0. What is the highest common factor of s and 540?
60
Let y(p) = -9*p - 14. Let o be y(-2). Suppose 2*c - 3*b - 131 = 18, -o*b + 232 = 3*c. Calculate the highest common factor of c and 114.
38
Let f be ((-6)/(-4))/((-6)/(-104)). Suppose 16*a = 82 + 665 - 123. What is the greatest common factor of f and a?
13
Let f be 4/3*36/1. Let i be 9/(-21) + (-1239)/(-147) + 0. What is the highest common factor of i and f?
8
Let g be (-2 + 1062/(-36))/(2*6/(-32)). Suppose 3*l - 4*l = -63. What is the highest common divisor of l and g?
21
Let c(s) = 2*s + 1. Let w be c(1). Suppose w = -0*b - b. Let u(m) = -3*m**3 - 5*m**2 - 4*m. Let z be u(b). Calculate the greatest common factor of 6 and z.
6
Suppose -353 = -5*t - 53. Let o(i) = 41*i**2 - 1. Let d be o(-1). Calculate the highest common factor of d and t.
20
Suppose 0*m - 19*m = -6023. Let d = m - 222. What is the highest common factor of d and 5?
5
Let j be (-1 + 16)*56/21. Suppose -j*i = -45*i + 180. What is the highest common factor of 6 and i?
6
Let a(r) = -r**3 - 9*r**2 + 8*r - 7. Let s be a(-10). Let g = -11 + s. Let l be g - (-5 + 2 + 1). Calculate the highest common factor of l and 44.
4
Let a(g) be the second derivative of g - 3/2*g**2 - 2/3*g**3 + 0 + 1/12*g**4. Let k be a(-3). What is the highest common divisor of k and 45?
9
Let w(a) = 35*a - 12. Let q(c) = -385*c + 133. Let o(n) = 5*q(n) + 56*w(n). Let t be o(4). What is the highest common divisor of t and 19?
19
Let f = 130 + -125. Suppose -2*g = -4*c - 60, -2*c + 5*c - 215 = -f*g. Calculate the greatest common divisor of g and 20.
20
Let o = 1249 - 1216. What is the highest common factor of o and 286?
11
Let i(q) = q + 6. Let l be i(-6). Suppose l = -4*z - z + 75. Suppose 23*a + 1200 = 63*a. What is the greatest common divisor of a and z?
15
Let p(f) = -f**2 - 10*f + 5. Let l be p(-8). Let y be (-152)/(-6) - 7/l. Suppose z = 5 + y. Calculate the highest common factor of 12 and z.
6
Let f be ((-388)/3)/((-2)/(-12)). Let q be 36/(-84) - f/14. Let o(n) = 2*n**2 - 8*n - 2. Let s be o(6). What is the highest common factor of q and s?
11
Let f be ((-69)/(-12))/(4/16). Let r = f + -2. Suppose 0 = 3*t - 119 - 7. Calculate the greatest common divisor of r and t.
21
Suppose -u = -0*d + 4*d - 443, 4*d - 2183 = -5*u. Calculate the greatest common divisor of u and 5.
5
Let k be (-2)/(-1) + (-7)/(7/52). Let x = -37 - k. Let l be (-1042)/(-8) + 2/(-8). Calculate the highest common factor of x and l.
13
Suppose -13 = -7*g + 1. What is the highest common divisor of 17 and g?
1
Suppose -115 = 4*f - 5*f. Suppose -q = i - 114, 2*i = 3*q + f - 447. What is the highest common divisor of q and 14?
14
Let r(z) = 2*z**3 - 5*z**2 - 4*z + 6. Let t be 20/(-6)*(-30)/25. Let k be r(t). Let g = k - 16. Calculate the greatest common divisor of 33 and g.
11
Let s be -4 + 0 - 8/(-2). Suppose s = f - 54 - 6. Calculate the highest common divisor of f and 40.
20
Suppose 380 = -9*c + 13*c. Let i = c - -17. Calculate the highest common divisor of i and 14.
14
Suppose -10*l + 88 = -6*l. Let d = l + -6. What is the greatest common factor of d and 48?
16
Suppose -75 = -3310*l + 3307*l. Let k = 43 - -82. What is the highest common divisor of k and l?
25
Let m be -4*((-2)/8)/1. Let w(q) = -1 - 2*q - 6*q + 1 - 5. Let i be w(-2). Calculate the highest common factor of m and i.
1
Let y = -80 + 121. Let a = y + -35. What is the greatest common divisor of a and 3?
3
Suppose -15*w + 2*w = -29822. What is the greatest common factor of w and 31?
31
Let q be 4/12 + (-1078)/(-42). What is the greatest common divisor of 325 and q?
13
Suppose -x + 3 = -5. Let d be (10/x)/(4/16). Let q(t) = t**2 + 3*t - 3. Let h be q(-4). What is the greatest common factor of d and h?
1
Let r(g) = g**3 + 13*g**2 + 5*g - 5. Let x be r(-10). Calculate the greatest common divisor of x and 35.
35
Let t(q) = -2*q**3 + 30*q**2 + 5*q + 7. Let k be t(15). Calculate the highest common factor of 41 and k.
41
Let t be 6/((-3)/(-9)*-3). Let a be t/(((-27)/6)/(-3)). Let d be 348/24 - (-2)/a. Calculate the greatest common factor of 7 and d.
7
Let l be 0/(1 - (0 + 2)). Suppose -17*p + 22*p - 50 = l. Let u = p + 10. Calculate the highest common divisor of u and 40.
20
Suppose -5*n + 29 + 86 = 0. Suppose -6*r = -946 - 572. What is the greatest common divisor of n and r?
23
Let c be (-3)/(-2) + (-1)/2. Suppose -5*l - c = -31. Suppose -3*g = -56 + 2. What is the highest common divisor of g and l?
6
Suppose -3*b + 69 = -0*b. Suppose 5*j = 5*m + 65, 3*j - j - 5*m = b. Let n(r) = -19*r + 4. Let p be n(-2). What is the greatest common factor of j and p?
14
Let q be 4/14 - 416/(-14). Suppose -q = -9*f + 4*f. Let o(d) = -d**3 + 6*d**2 + 5*d + 2. Let j be o(f). What is the greatest common factor of j and 16?
16
Let o be ((-58)/87)/((-8)/396). Calculate the highest common factor of 3 and o.
3
Let a be (-144)/(-10) - (-2)/(-5). Let r = a + -11. Suppose -r*t - 12 + 54 = 0. What is the highest common divisor of t and 112?
14
Let v(n) = 3*n**2 - 15*n - 10. Let s = 44 - 36. Let m be v(s). What is the highest common factor of m and 155?
31
Let b = 65 + -45. Let m = 2 - 1. Let c(y) = 81*y - 1. Let q be c(m). What is the greatest common divisor of q and b?
20
Suppose 11*l = 21*l + 5150. Let a = -355 - l. What is the greatest common factor of 64 and a?
32
Let q be -1 - ((-244)/(-8))/((-2)/4). What is the greatest common factor of q and 24?
12
Let c = 1 + 9. Suppose -2*t = -n + 22 - 5, n + 2*t - 13 = 0. What is the highest common divisor of c and n?
5
Suppose 2*s = -8*s - 450. Let q = 93 + s. Calculate the greatest common factor of 336 and q.
48
Let r(m) = 2*m + 9. Let x be r(10). Suppose 7*c - x - 6 = 0. Suppose -c*l = -20, 2*l + 10 = 2*g - 30. What is the greatest common factor of 3 and g?
3
Suppose 70*d = 66*d + 2176. What is the highest common factor of 68 and d?
68
Let l be (-6)/(-10) - (-91392)/105. Calculate the greatest common factor of 26 and l.
13
Suppose 1004 = 4*i + 4*z, 0 = 11*z - 13*z - 2. Calculate the greatest common factor of i and 36.
36
Let i = 90 - -142. What is the highest common divisor of i and 58?
58
Let z = 3938 - 3914. Let l be 14 + 0/2 - -2. Let d be (l/(-6))/(2/(-27)). What is the highest common divisor of d and z?
12
Let x be (-84)/(-112) + (-369)/(-4). Calculate the greatest common factor of x and 9.
3
Let m be 64/(-2)*31/(-62). Suppose -5*d = -83 - 37. What is the highest common factor of m and d?
8
Let p(d) = d**3 + 10*d**2 + 10*d + 3. Let j be p(-9). Let b(x) = -20*x + 13. Let y be b(j). Calculate the greatest common divisor of y and 19.
19
Let w = 68 + 36. Suppose 100 = 6*h - w. What is the highest common divisor of h and 17?
17
Let t be (-2)/(-11) - 180/(-99). Let i be (-3)/(3/(-42)*t). Calculate the greatest common factor of 105 and i.
21
Suppose -2*r + 515 - 141 = 3*m, -4*m = 3*r - 497. Calculate the greatest common divisor of m and 464.
16
Let z(o) be the second derivative of 41*o**4/12 - o**3/6 + 37*o. Let y be z(2). Calculate the highest common divisor of y and 27.
27
Let g(n) = -4*n - 28. Let y be g(-9). Let v be y/2 + (-2)/(-2). W